eatest common divisor of 498 and 1002?
6
What is the greatest common factor of 13030050 and 1650?
1650
What is the highest common factor of 1978 and 2372611?
989
What is the highest common factor of 61446 and 342?
114
What is the highest common divisor of 15327 and 3744?
117
What is the greatest common factor of 427 and 6041?
7
Calculate the greatest common divisor of 178755 and 90.
15
Calculate the highest common factor of 547096 and 132.
44
Calculate the greatest common factor of 2373372 and 36.
36
What is the highest common factor of 9 and 943389?
9
What is the greatest common factor of 10295 and 52635?
145
Calculate the greatest common factor of 1 and 601.
1
What is the greatest common divisor of 67468 and 5?
1
Calculate the highest common divisor of 1213315 and 1135.
1135
What is the greatest common factor of 6307 and 41531?
119
What is the highest common divisor of 280 and 1930208?
56
What is the highest common divisor of 1738056 and 417?
417
What is the highest common factor of 10549 and 35574?
77
Calculate the greatest common divisor of 82 and 2594726.
82
Calculate the highest common factor of 828898 and 56.
14
Calculate the highest common factor of 3054584 and 1794.
598
What is the highest common factor of 19 and 9139969?
19
What is the greatest common factor of 45 and 200979?
9
Calculate the highest common divisor of 3 and 278169.
3
What is the greatest common divisor of 1 and 4161?
1
Calculate the greatest common divisor of 15946 and 98.
14
Calculate the highest common divisor of 16 and 1661368.
8
Calculate the greatest common divisor of 13 and 373646.
13
Calculate the highest common factor of 6200 and 16430.
310
What is the greatest common divisor of 4292 and 2368?
148
Calculate the highest common factor of 3836 and 63.
7
Calculate the highest common factor of 4334795 and 2138.
1069
Calculate the highest common factor of 3456 and 8928.
288
Calculate the highest common factor of 10344 and 100.
4
Calculate the highest common divisor of 413 and 2471.
7
Calculate the highest common divisor of 110 and 498720.
10
Calculate the highest common divisor of 1110 and 1605.
15
Calculate the greatest common factor of 1295 and 2645.
5
Calculate the highest common divisor of 46926 and 316.
158
What is the greatest common divisor of 1824156 and 36?
36
Calculate the greatest common factor of 2 and 117058.
2
What is the highest common factor of 7402653 and 9?
9
Calculate the greatest common factor of 44 and 113146.
22
Calculate the greatest common divisor of 30 and 14.
2
What is the highest common factor of 7279 and 20833?
251
What is the highest common factor of 74954 and 506?
22
Calculate the greatest common factor of 68 and 2795276.
68
Calculate the greatest common factor of 199 and 258103.
199
Calculate the greatest common factor of 424046 and 294.
98
Calculate the highest common factor of 10 and 62115.
5
Calculate the greatest common factor of 304 and 50236.
76
What is the highest common factor of 341 and 7657?
31
What is the highest common divisor of 21264 and 240?
48
Calculate the highest common divisor of 1098 and 149694.
366
Calculate the highest common factor of 820 and 220744.
164
What is the greatest common factor of 412 and 41406?
206
Calculate the highest common factor of 5364 and 468.
36
What is the greatest common factor of 454 and 54253?
227
What is the highest common divisor of 72 and 739716?
12
What is the highest common divisor of 1020144 and 8822?
802
Calculate the greatest common factor of 25 and 1024475.
25
What is the highest common divisor of 215907 and 21?
3
Calculate the greatest common factor of 556 and 1092401.
139
Calculate the greatest common divisor of 1562 and 4118.
142
What is the highest common divisor of 43120 and 280?
280
What is the greatest common divisor of 2 and 488218?
2
What is the greatest common divisor of 221341 and 3501?
389
What is the highest common divisor of 37 and 935730?
37
What is the highest common divisor of 45149 and 5083?
299
What is the greatest common factor of 754 and 170768?
26
Calculate the greatest common factor of 325 and 182725.
25
Calculate the highest common divisor of 1624180 and 10.
10
Calculate the highest common factor of 7675 and 425.
25
What is the greatest common factor of 494 and 219583?
247
What is the highest common divisor of 145894 and 3706?
34
What is the greatest common divisor of 956 and 64?
4
What is the highest common divisor of 4563 and 2704?
169
Calculate the highest common divisor of 2 and 30346.
2
Calculate the highest common divisor of 136920 and 21.
21
What is the highest common factor of 6529890 and 614?
614
What is the highest common divisor of 29 and 225?
1
What is the highest common divisor of 394 and 6744098?
394
What is the highest common divisor of 2904 and 188408?
88
Calculate the greatest common factor of 1290 and 21070.
430
What is the greatest common factor of 199893 and 759?
69
What is the highest common divisor of 69 and 56741?
23
What is the highest common divisor of 175 and 288820?
35
What is the greatest common factor of 802950 and 202?
202
Calculate the highest common divisor of 57 and 40717.
19
What is the greatest common divisor of 465 and 840?
15
Calculate the highest common divisor of 5830 and 12760.
110
What is the highest common factor of 4531 and 10638?
197
What is the greatest common divisor of 75 and 907675?
25
Calculate the highest common factor of 43400 and 6448.
248
What is the highest common factor of 29264 and 5900?
236
What is the greatest common factor of 330 and 22880?
110
What is the greatest common divisor of 231176 and 220?
44
Calculate the greatest common factor of 3302 and 7358.
26
Calculate the greatest common factor of 248 and 3069.
31
What is the greatest common factor of 102157 and 13024?
407
What is the greatest common divisor of 16209 and 504?
9
What is the greatest common factor of 462 and 399399?
231
Calculate the highest common divisor of 95796 and 252.
36
What is the greatest common factor of 30528 and 13780?
212
Calculate the greatest common factor of 437 and 332557.
437
What is the highest common factor of 1387 and 1898?
73
Calculate the highest common factor of 62475 and 24276.
357
What is the highest common factor of 125 and 250325?
25
Calculate the highest common factor of 1020 and 51204.
204
Calculate the greatest common factor of 1239 and 1659.
21
Calculate the highest common divisor of 321 and 204.
3
What is the greatest common factor of 12 and 2922?
6
Calculate the greatest common factor of 1620 and 226620.
180
Calculate the highest common factor of 635 and 645160.
635
What is the highest common divisor of 84 and 25746?
42
What is the highest common factor of 10472 and 7?
7
What is the greatest common divisor of 33365 and 5?
5
Calculate the highest common factor of 133904 and 16.
16
Calculate the greatest common factor of 365025 and 75.
75
Calculate the greatest common factor of 4800 and 22500.
300
What is the highest common divisor of 3054 and 1161538?
1018
Calculate the greatest common divisor of 107027 and 43.
43
What is the highest common divisor of 2178 and 459?
9
Calculate the highest common factor of 4192 and 710806.
262
Calculate the highest common factor of 1894476 and 564.
564
What is the highest common divisor of 1068229 and 527?
527
Calculate the greatest common factor of 2328 and 1649.
97
Calculate the greatest common divisor of 8844 and 72402.
66
What is the highest common divisor of 260 and 134180?
20
What is the greatest common divisor of 201840 and 645?
15
Calculate the greatest common factor of 1885 and 240.
5
Calculate the greatest common divisor of 8550 and 104025.
1425
Calculate the greatest common factor of 8800 and 11648.
32
Calculate the highest common divisor of 160 and 53370.
10
What is the highest common factor of 8 and 92936?
8
What is the greatest common divisor of 38 and 222338?
38
What is the greatest common factor of 1168 and 539324?
292
Calculate the highest common factor of 471 and 8321.
157
Calculate the greatest common factor of 285 and 6075.
15
Calculate the highest common divisor of 13505 and 11680.
365
What is the highest common factor of 464 and 72152?
232
What is the highest common factor of 2257 and 1037?
61
What is the highest common divisor of 51724 and 23